{"id":5647,"date":"2018-05-10T13:44:33","date_gmt":"2018-05-10T11:44:33","guid":{"rendered":"http:\/\/hermanasoblatas.org\/wp-content\/uploads\/2018\/05\/aniversario-serra.jpg"},"modified":"2018-05-11T10:20:58","modified_gmt":"2018-05-11T08:20:58","slug":"aniversario-serra-2","status":"inherit","type":"attachment","link":"https:\/\/hermanasoblatas.org\/it\/non-categorizzato\/208-anos-del-nacimiento-jose-maria-benito-serra\/attachment\/aniversario-serra-2","title":{"rendered":"aniversario serra"},"author":3,"featured_media":0,"comment_status":"open","ping_status":"closed","template":"","meta":{"_acf_changed":false,"om_disable_all_campaigns":false,"_monsterinsights_skip_tracking":false,"_monsterinsights_sitenote_active":false,"_monsterinsights_sitenote_note":"","_monsterinsights_sitenote_category":0},"class_list":["post-5647","attachment","type-attachment","status-inherit","hentry"],"acf":[],"yoast_head":"<!-- This site is optimized with the Yoast SEO plugin v27.3 - https:\/\/yoast.com\/product\/yoast-seo-wordpress\/ -->\n<title>aniversario serra - Hermanas Oblatas<\/title>\n<meta name=\"robots\" content=\"index, follow, max-snippet:-1, max-image-preview:large, max-video-preview:-1\" \/>\n<link rel=\"canonical\" href=\"https:\/\/hermanasoblatas.org\/wp-content\/uploads\/2018\/05\/aniversario-serra.jpg\" \/>\n<meta property=\"og:locale\" content=\"it_IT\" \/>\n<meta property=\"og:type\" content=\"article\" \/>\n<meta property=\"og:title\" content=\"aniversario serra - Hermanas Oblatas\" \/>\n<meta property=\"og:url\" content=\"https:\/\/hermanasoblatas.org\/wp-content\/uploads\/2018\/05\/aniversario-serra.jpg\" \/>\n<meta property=\"og:site_name\" content=\"Hermanas Oblatas\" \/>\n<meta property=\"article:modified_time\" content=\"2018-05-11T08:20:58+00:00\" \/>\n<meta property=\"og:image\" content=\"https:\/\/hermanasoblatas.org\/wp-content\/uploads\/2018\/05\/aniversario-serra.jpg\" \/>\n\t<meta property=\"og:image:width\" content=\"2158\" \/>\n\t<meta property=\"og:image:height\" content=\"2937\" \/>\n\t<meta property=\"og:image:type\" content=\"image\/jpeg\" \/>\n<meta name=\"twitter:card\" content=\"summary_large_image\" \/>\n<script type=\"application\/ld+json\" class=\"yoast-schema-graph\">{\"@context\":\"https:\\\/\\\/schema.org\",\"@graph\":[{\"@type\":\"WebPage\",\"@id\":\"https:\\\/\\\/hermanasoblatas.org\\\/wp-content\\\/uploads\\\/2018\\\/05\\\/aniversario-serra.jpg\",\"url\":\"https:\\\/\\\/hermanasoblatas.org\\\/wp-content\\\/uploads\\\/2018\\\/05\\\/aniversario-serra.jpg\",\"name\":\"aniversario serra - Hermanas Oblatas\",\"isPartOf\":{\"@id\":\"https:\\\/\\\/hermanasoblatas.org\\\/#website\"},\"datePublished\":\"2018-05-10T11:44:33+00:00\",\"dateModified\":\"2018-05-11T08:20:58+00:00\",\"breadcrumb\":{\"@id\":\"https:\\\/\\\/hermanasoblatas.org\\\/wp-content\\\/uploads\\\/2018\\\/05\\\/aniversario-serra.jpg#breadcrumb\"},\"inLanguage\":\"it-IT\",\"potentialAction\":[{\"@type\":\"ReadAction\",\"target\":[\"https:\\\/\\\/hermanasoblatas.org\\\/wp-content\\\/uploads\\\/2018\\\/05\\\/aniversario-serra.jpg\"]}]},{\"@type\":\"BreadcrumbList\",\"@id\":\"https:\\\/\\\/hermanasoblatas.org\\\/wp-content\\\/uploads\\\/2018\\\/05\\\/aniversario-serra.jpg#breadcrumb\",\"itemListElement\":[{\"@type\":\"ListItem\",\"position\":1,\"name\":\"Home\",\"item\":\"https:\\\/\\\/hermanasoblatas.org\\\/it\"},{\"@type\":\"ListItem\",\"position\":2,\"name\":\"208 a\u00f1os del nacimiento de Jos\u00e9 Mar\u00eda Benito Serra\",\"item\":\"https:\\\/\\\/hermanasoblatas.org\\\/it\\\/non-categorizzato\\\/208-anos-del-nacimiento-jose-maria-benito-serra\"},{\"@type\":\"ListItem\",\"position\":3,\"name\":\"aniversario serra\"}]},{\"@type\":\"WebSite\",\"@id\":\"https:\\\/\\\/hermanasoblatas.org\\\/#website\",\"url\":\"https:\\\/\\\/hermanasoblatas.org\\\/\",\"name\":\"Hermanas Oblatas\",\"description\":\"Hermanas Oblatas del Sant\u00edsimo Redentor\",\"potentialAction\":[{\"@type\":\"SearchAction\",\"target\":{\"@type\":\"EntryPoint\",\"urlTemplate\":\"https:\\\/\\\/hermanasoblatas.org\\\/?s={search_term_string}\"},\"query-input\":{\"@type\":\"PropertyValueSpecification\",\"valueRequired\":true,\"valueName\":\"search_term_string\"}}],\"inLanguage\":\"it-IT\"}]}<\/script>\n<!-- \/ Yoast SEO plugin. -->","yoast_head_json":{"title":"aniversario serra - Hermanas Oblatas","robots":{"index":"index","follow":"follow","max-snippet":"max-snippet:-1","max-image-preview":"max-image-preview:large","max-video-preview":"max-video-preview:-1"},"canonical":"https:\/\/hermanasoblatas.org\/wp-content\/uploads\/2018\/05\/aniversario-serra.jpg","og_locale":"it_IT","og_type":"article","og_title":"aniversario serra - Hermanas Oblatas","og_url":"https:\/\/hermanasoblatas.org\/wp-content\/uploads\/2018\/05\/aniversario-serra.jpg","og_site_name":"Hermanas Oblatas","article_modified_time":"2018-05-11T08:20:58+00:00","og_image":[{"width":2158,"height":2937,"url":"https:\/\/hermanasoblatas.org\/wp-content\/uploads\/2018\/05\/aniversario-serra.jpg","type":"image\/jpeg"}],"twitter_card":"summary_large_image","schema":{"@context":"https:\/\/schema.org","@graph":[{"@type":"WebPage","@id":"https:\/\/hermanasoblatas.org\/wp-content\/uploads\/2018\/05\/aniversario-serra.jpg","url":"https:\/\/hermanasoblatas.org\/wp-content\/uploads\/2018\/05\/aniversario-serra.jpg","name":"aniversario serra - Hermanas Oblatas","isPartOf":{"@id":"https:\/\/hermanasoblatas.org\/#website"},"datePublished":"2018-05-10T11:44:33+00:00","dateModified":"2018-05-11T08:20:58+00:00","breadcrumb":{"@id":"https:\/\/hermanasoblatas.org\/wp-content\/uploads\/2018\/05\/aniversario-serra.jpg#breadcrumb"},"inLanguage":"it-IT","potentialAction":[{"@type":"ReadAction","target":["https:\/\/hermanasoblatas.org\/wp-content\/uploads\/2018\/05\/aniversario-serra.jpg"]}]},{"@type":"BreadcrumbList","@id":"https:\/\/hermanasoblatas.org\/wp-content\/uploads\/2018\/05\/aniversario-serra.jpg#breadcrumb","itemListElement":[{"@type":"ListItem","position":1,"name":"Home","item":"https:\/\/hermanasoblatas.org\/it"},{"@type":"ListItem","position":2,"name":"208 a\u00f1os del nacimiento de Jos\u00e9 Mar\u00eda Benito Serra","item":"https:\/\/hermanasoblatas.org\/it\/non-categorizzato\/208-anos-del-nacimiento-jose-maria-benito-serra"},{"@type":"ListItem","position":3,"name":"aniversario serra"}]},{"@type":"WebSite","@id":"https:\/\/hermanasoblatas.org\/#website","url":"https:\/\/hermanasoblatas.org\/","name":"Hermanas Oblatas","description":"Hermanas Oblatas del Sant\u00edsimo Redentor","potentialAction":[{"@type":"SearchAction","target":{"@type":"EntryPoint","urlTemplate":"https:\/\/hermanasoblatas.org\/?s={search_term_string}"},"query-input":{"@type":"PropertyValueSpecification","valueRequired":true,"valueName":"search_term_string"}}],"inLanguage":"it-IT"}]}},"description":{"rendered":"<p class=\"attachment\"><a href='https:\/\/hermanasoblatas.org\/wp-content\/uploads\/2018\/05\/aniversario-serra.jpg'><img loading=\"lazy\" decoding=\"async\" width=\"220\" height=\"300\" src=\"https:\/\/hermanasoblatas.org\/wp-content\/uploads\/2018\/05\/aniversario-serra-220x300.jpg\" class=\"attachment-medium size-medium\" alt=\"\" srcset=\"https:\/\/hermanasoblatas.org\/wp-content\/uploads\/2018\/05\/aniversario-serra-220x300.jpg 220w, https:\/\/hermanasoblatas.org\/wp-content\/uploads\/2018\/05\/aniversario-serra-768x1045.jpg 768w, https:\/\/hermanasoblatas.org\/wp-content\/uploads\/2018\/05\/aniversario-serra-752x1024.jpg 752w, https:\/\/hermanasoblatas.org\/wp-content\/uploads\/2018\/05\/aniversario-serra-1200x1633.jpg 1200w\" sizes=\"auto, (max-width: 220px) 85vw, 220px\" \/><\/a><\/p>\n"},"caption":{"rendered":""},"alt_text":"","media_type":"image","mime_type":"image\/jpeg","media_details":{"width":2158,"height":2937,"file":"2018\/05\/aniversario-serra.jpg","sizes":{"thumbnail":{"file":"aniversario-serra-150x150.jpg","width":150,"height":150,"mime_type":"image\/jpeg","source_url":"https:\/\/hermanasoblatas.org\/wp-content\/uploads\/2018\/05\/aniversario-serra-150x150.jpg"},"medium":{"file":"aniversario-serra-220x300.jpg","width":220,"height":300,"mime_type":"image\/jpeg","source_url":"https:\/\/hermanasoblatas.org\/wp-content\/uploads\/2018\/05\/aniversario-serra-220x300.jpg"},"medium_large":{"file":"aniversario-serra-768x1045.jpg","width":768,"height":1045,"mime_type":"image\/jpeg","source_url":"https:\/\/hermanasoblatas.org\/wp-content\/uploads\/2018\/05\/aniversario-serra-768x1045.jpg"},"large":{"file":"aniversario-serra-752x1024.jpg","width":752,"height":1024,"mime_type":"image\/jpeg","source_url":"https:\/\/hermanasoblatas.org\/wp-content\/uploads\/2018\/05\/aniversario-serra-752x1024.jpg"},"post-thumbnail":{"file":"aniversario-serra-1200x1633.jpg","width":1200,"height":1633,"mime_type":"image\/jpeg","source_url":"https:\/\/hermanasoblatas.org\/wp-content\/uploads\/2018\/05\/aniversario-serra-1200x1633.jpg"},"full":{"file":"aniversario-serra.jpg","width":2158,"height":2937,"mime_type":"image\/jpeg","source_url":"https:\/\/hermanasoblatas.org\/wp-content\/uploads\/2018\/05\/aniversario-serra.jpg"}},"image_meta":{"aperture":"0","credit":"","camera":"","caption":"","created_timestamp":"0","copyright":"","focal_length":"0","iso":"0","shutter_speed":"0","title":"","orientation":"1","keywords":[]}},"post":5656,"source_url":"https:\/\/hermanasoblatas.org\/wp-content\/uploads\/2018\/05\/aniversario-serra.jpg","_links":{"self":[{"href":"https:\/\/hermanasoblatas.org\/it\/wp-json\/wp\/v2\/media\/5647","targetHints":{"allow":["GET"]}}],"collection":[{"href":"https:\/\/hermanasoblatas.org\/it\/wp-json\/wp\/v2\/media"}],"about":[{"href":"https:\/\/hermanasoblatas.org\/it\/wp-json\/wp\/v2\/types\/attachment"}],"author":[{"embeddable":true,"href":"https:\/\/hermanasoblatas.org\/it\/wp-json\/wp\/v2\/users\/3"}],"replies":[{"embeddable":true,"href":"https:\/\/hermanasoblatas.org\/it\/wp-json\/wp\/v2\/comments?post=5647"}],"wp:attached-to":[{"embeddable":true,"post_type":"post","id":5656,"href":"https:\/\/hermanasoblatas.org\/it\/wp-json\/wp\/v2\/posts\/5656"}],"curies":[{"name":"wp","href":"https:\/\/api.w.org\/{rel}","templated":true}]}}

<!-- This site is optimized with the Yoast SEO plugin v27.3 - https://yoast.com/product/yoast-seo-wordpress/ -->
<title>aniversario serra - Hermanas Oblatas</title>
<meta name="robots" content="index, follow, max-snippet:-1, max-image-preview:large, max-video-preview:-1" />
<link rel="canonical" href="https://hermanasoblatas.org/wp-content/uploads/2018/05/aniversario-serra.jpg" />
<meta property="og:locale" content="it_IT" />
<meta property="og:type" content="article" />
<meta property="og:title" content="aniversario serra - Hermanas Oblatas" />
<meta property="og:url" content="https://hermanasoblatas.org/wp-content/uploads/2018/05/aniversario-serra.jpg" />
<meta property="og:site_name" content="Hermanas Oblatas" />
<meta property="article:modified_time" content="2018-05-11T08:20:58+00:00" />
<meta property="og:image" content="https://hermanasoblatas.org/wp-content/uploads/2018/05/aniversario-serra.jpg" />
	<meta property="og:image:width" content="2158" />
	<meta property="og:image:height" content="2937" />
	<meta property="og:image:type" content="image/jpeg" />
<meta name="twitter:card" content="summary_large_image" />
<script type="application/ld+json" class="yoast-schema-graph">{"@context":"https:\/\/schema.org","@graph":[{"@type":"WebPage","@id":"https:\/\/hermanasoblatas.org\/wp-content\/uploads\/2018\/05\/aniversario-serra.jpg","url":"https:\/\/hermanasoblatas.org\/wp-content\/uploads\/2018\/05\/aniversario-serra.jpg","name":"aniversario serra - Hermanas Oblatas","isPartOf":{"@id":"https:\/\/hermanasoblatas.org\/#website"},"datePublished":"2018-05-10T11:44:33+00:00","dateModified":"2018-05-11T08:20:58+00:00","breadcrumb":{"@id":"https:\/\/hermanasoblatas.org\/wp-content\/uploads\/2018\/05\/aniversario-serra.jpg#breadcrumb"},"inLanguage":"it-IT","potentialAction":[{"@type":"ReadAction","target":["https:\/\/hermanasoblatas.org\/wp-content\/uploads\/2018\/05\/aniversario-serra.jpg"]}]},{"@type":"BreadcrumbList","@id":"https:\/\/hermanasoblatas.org\/wp-content\/uploads\/2018\/05\/aniversario-serra.jpg#breadcrumb","itemListElement":[{"@type":"ListItem","position":1,"name":"Home","item":"https:\/\/hermanasoblatas.org\/it"},{"@type":"ListItem","position":2,"name":"208 años del nacimiento de José María Benito Serra","item":"https:\/\/hermanasoblatas.org\/it\/non-categorizzato\/208-anos-del-nacimiento-jose-maria-benito-serra"},{"@type":"ListItem","position":3,"name":"aniversario serra"}]},{"@type":"WebSite","@id":"https:\/\/hermanasoblatas.org\/#website","url":"https:\/\/hermanasoblatas.org\/","name":"Hermanas Oblatas","description":"Hermanas Oblatas del Santísimo Redentor","potentialAction":[{"@type":"SearchAction","target":{"@type":"EntryPoint","urlTemplate":"https:\/\/hermanasoblatas.org\/?s={search_term_string}"},"query-input":{"@type":"PropertyValueSpecification","valueRequired":true,"valueName":"search_term_string"}}],"inLanguage":"it-IT"}]}</script>
<!-- / Yoast SEO plugin. -->

208 años del nacimiento de José María Benito Serra

Hermanas Oblatas del Santísimo Redentor
