{"id":8088,"date":"2019-05-21T11:19:36","date_gmt":"2019-05-21T09:19:36","guid":{"rendered":"http:\/\/hermanasoblatas.org\/wp-content\/uploads\/2019\/05\/visita-santisimo-redentor-1.jpg"},"modified":"2019-05-21T11:19:36","modified_gmt":"2019-05-21T09:19:36","slug":"visita-santisimo-redentor","status":"inherit","type":"attachment","link":"https:\/\/hermanasoblatas.org\/pt-pt\/noticias-pt-pt\/provincia-santissimo-redentor-realiza-visita-canonica\/attachment\/visita-santisimo-redentor","title":{"rendered":"visita santisimo redentor"},"author":3,"featured_media":0,"comment_status":"open","ping_status":"closed","template":"","meta":{"_acf_changed":false,"om_disable_all_campaigns":false,"_monsterinsights_skip_tracking":false,"_monsterinsights_sitenote_active":false,"_monsterinsights_sitenote_note":"","_monsterinsights_sitenote_category":0},"class_list":["post-8088","attachment","type-attachment","status-inherit","hentry"],"acf":[],"yoast_head":"<!-- This site is optimized with the Yoast SEO plugin v27.3 - https:\/\/yoast.com\/product\/yoast-seo-wordpress\/ -->\n<title>visita santisimo redentor - Hermanas Oblatas<\/title>\n<meta name=\"robots\" content=\"index, follow, max-snippet:-1, max-image-preview:large, max-video-preview:-1\" \/>\n<link rel=\"canonical\" href=\"https:\/\/hermanasoblatas.org\/wp-content\/uploads\/2019\/05\/visita-santisimo-redentor-1.jpg\" \/>\n<meta property=\"og:locale\" content=\"pt_PT\" \/>\n<meta property=\"og:type\" content=\"article\" \/>\n<meta property=\"og:title\" content=\"visita santisimo redentor - Hermanas Oblatas\" \/>\n<meta property=\"og:url\" content=\"https:\/\/hermanasoblatas.org\/wp-content\/uploads\/2019\/05\/visita-santisimo-redentor-1.jpg\" \/>\n<meta property=\"og:site_name\" content=\"Hermanas Oblatas\" \/>\n<meta property=\"og:image\" content=\"https:\/\/hermanasoblatas.org\/wp-content\/uploads\/2019\/05\/visita-santisimo-redentor-1.jpg\" \/>\n\t<meta property=\"og:image:width\" content=\"845\" \/>\n\t<meta property=\"og:image:height\" content=\"416\" \/>\n\t<meta property=\"og:image:type\" content=\"image\/jpeg\" \/>\n<meta name=\"twitter:card\" content=\"summary_large_image\" \/>\n<script type=\"application\/ld+json\" class=\"yoast-schema-graph\">{\"@context\":\"https:\\\/\\\/schema.org\",\"@graph\":[{\"@type\":\"WebPage\",\"@id\":\"https:\\\/\\\/hermanasoblatas.org\\\/wp-content\\\/uploads\\\/2019\\\/05\\\/visita-santisimo-redentor-1.jpg\",\"url\":\"https:\\\/\\\/hermanasoblatas.org\\\/wp-content\\\/uploads\\\/2019\\\/05\\\/visita-santisimo-redentor-1.jpg\",\"name\":\"visita santisimo redentor - Hermanas Oblatas\",\"isPartOf\":{\"@id\":\"https:\\\/\\\/hermanasoblatas.org\\\/#website\"},\"datePublished\":\"2019-05-21T09:19:36+00:00\",\"breadcrumb\":{\"@id\":\"https:\\\/\\\/hermanasoblatas.org\\\/wp-content\\\/uploads\\\/2019\\\/05\\\/visita-santisimo-redentor-1.jpg#breadcrumb\"},\"inLanguage\":\"pt-PT\",\"potentialAction\":[{\"@type\":\"ReadAction\",\"target\":[\"https:\\\/\\\/hermanasoblatas.org\\\/wp-content\\\/uploads\\\/2019\\\/05\\\/visita-santisimo-redentor-1.jpg\"]}]},{\"@type\":\"BreadcrumbList\",\"@id\":\"https:\\\/\\\/hermanasoblatas.org\\\/wp-content\\\/uploads\\\/2019\\\/05\\\/visita-santisimo-redentor-1.jpg#breadcrumb\",\"itemListElement\":[{\"@type\":\"ListItem\",\"position\":1,\"name\":\"Home\",\"item\":\"https:\\\/\\\/hermanasoblatas.org\\\/pt-pt\"},{\"@type\":\"ListItem\",\"position\":2,\"name\":\"PROV\u00cdNCIA SANT\u00cdSSIMO REDENTOR REALIZA VISITA CAN\u00d4NICA\",\"item\":\"https:\\\/\\\/hermanasoblatas.org\\\/pt-pt\\\/noticias-pt-pt\\\/provincia-santissimo-redentor-realiza-visita-canonica\"},{\"@type\":\"ListItem\",\"position\":3,\"name\":\"visita santisimo redentor\"}]},{\"@type\":\"WebSite\",\"@id\":\"https:\\\/\\\/hermanasoblatas.org\\\/#website\",\"url\":\"https:\\\/\\\/hermanasoblatas.org\\\/\",\"name\":\"Hermanas Oblatas\",\"description\":\"Hermanas Oblatas del Sant\u00edsimo Redentor\",\"potentialAction\":[{\"@type\":\"SearchAction\",\"target\":{\"@type\":\"EntryPoint\",\"urlTemplate\":\"https:\\\/\\\/hermanasoblatas.org\\\/?s={search_term_string}\"},\"query-input\":{\"@type\":\"PropertyValueSpecification\",\"valueRequired\":true,\"valueName\":\"search_term_string\"}}],\"inLanguage\":\"pt-PT\"}]}<\/script>\n<!-- \/ Yoast SEO plugin. -->","yoast_head_json":{"title":"visita santisimo redentor - Hermanas Oblatas","robots":{"index":"index","follow":"follow","max-snippet":"max-snippet:-1","max-image-preview":"max-image-preview:large","max-video-preview":"max-video-preview:-1"},"canonical":"https:\/\/hermanasoblatas.org\/wp-content\/uploads\/2019\/05\/visita-santisimo-redentor-1.jpg","og_locale":"pt_PT","og_type":"article","og_title":"visita santisimo redentor - Hermanas Oblatas","og_url":"https:\/\/hermanasoblatas.org\/wp-content\/uploads\/2019\/05\/visita-santisimo-redentor-1.jpg","og_site_name":"Hermanas Oblatas","og_image":[{"width":845,"height":416,"url":"https:\/\/hermanasoblatas.org\/wp-content\/uploads\/2019\/05\/visita-santisimo-redentor-1.jpg","type":"image\/jpeg"}],"twitter_card":"summary_large_image","schema":{"@context":"https:\/\/schema.org","@graph":[{"@type":"WebPage","@id":"https:\/\/hermanasoblatas.org\/wp-content\/uploads\/2019\/05\/visita-santisimo-redentor-1.jpg","url":"https:\/\/hermanasoblatas.org\/wp-content\/uploads\/2019\/05\/visita-santisimo-redentor-1.jpg","name":"visita santisimo redentor - Hermanas Oblatas","isPartOf":{"@id":"https:\/\/hermanasoblatas.org\/#website"},"datePublished":"2019-05-21T09:19:36+00:00","breadcrumb":{"@id":"https:\/\/hermanasoblatas.org\/wp-content\/uploads\/2019\/05\/visita-santisimo-redentor-1.jpg#breadcrumb"},"inLanguage":"pt-PT","potentialAction":[{"@type":"ReadAction","target":["https:\/\/hermanasoblatas.org\/wp-content\/uploads\/2019\/05\/visita-santisimo-redentor-1.jpg"]}]},{"@type":"BreadcrumbList","@id":"https:\/\/hermanasoblatas.org\/wp-content\/uploads\/2019\/05\/visita-santisimo-redentor-1.jpg#breadcrumb","itemListElement":[{"@type":"ListItem","position":1,"name":"Home","item":"https:\/\/hermanasoblatas.org\/pt-pt"},{"@type":"ListItem","position":2,"name":"PROV\u00cdNCIA SANT\u00cdSSIMO REDENTOR REALIZA VISITA CAN\u00d4NICA","item":"https:\/\/hermanasoblatas.org\/pt-pt\/noticias-pt-pt\/provincia-santissimo-redentor-realiza-visita-canonica"},{"@type":"ListItem","position":3,"name":"visita santisimo redentor"}]},{"@type":"WebSite","@id":"https:\/\/hermanasoblatas.org\/#website","url":"https:\/\/hermanasoblatas.org\/","name":"Hermanas Oblatas","description":"Hermanas Oblatas del Sant\u00edsimo Redentor","potentialAction":[{"@type":"SearchAction","target":{"@type":"EntryPoint","urlTemplate":"https:\/\/hermanasoblatas.org\/?s={search_term_string}"},"query-input":{"@type":"PropertyValueSpecification","valueRequired":true,"valueName":"search_term_string"}}],"inLanguage":"pt-PT"}]}},"description":{"rendered":"<p class=\"attachment\"><a href='https:\/\/hermanasoblatas.org\/wp-content\/uploads\/2019\/05\/visita-santisimo-redentor-1.jpg'><img loading=\"lazy\" decoding=\"async\" width=\"300\" height=\"148\" src=\"https:\/\/hermanasoblatas.org\/wp-content\/uploads\/2019\/05\/visita-santisimo-redentor-1-300x148.jpg\" class=\"attachment-medium size-medium\" alt=\"\" srcset=\"https:\/\/hermanasoblatas.org\/wp-content\/uploads\/2019\/05\/visita-santisimo-redentor-1-300x148.jpg 300w, https:\/\/hermanasoblatas.org\/wp-content\/uploads\/2019\/05\/visita-santisimo-redentor-1-768x378.jpg 768w, https:\/\/hermanasoblatas.org\/wp-content\/uploads\/2019\/05\/visita-santisimo-redentor-1.jpg 845w\" sizes=\"auto, (max-width: 300px) 85vw, 300px\" \/><\/a><\/p>\n"},"caption":{"rendered":""},"alt_text":"","media_type":"image","mime_type":"image\/jpeg","media_details":{"width":845,"height":416,"file":"2019\/05\/visita-santisimo-redentor-1.jpg","sizes":{"thumbnail":{"file":"visita-santisimo-redentor-1-150x150.jpg","width":150,"height":150,"mime_type":"image\/jpeg","source_url":"https:\/\/hermanasoblatas.org\/wp-content\/uploads\/2019\/05\/visita-santisimo-redentor-1-150x150.jpg"},"medium":{"file":"visita-santisimo-redentor-1-300x148.jpg","width":300,"height":148,"mime_type":"image\/jpeg","source_url":"https:\/\/hermanasoblatas.org\/wp-content\/uploads\/2019\/05\/visita-santisimo-redentor-1-300x148.jpg"},"medium_large":{"file":"visita-santisimo-redentor-1-768x378.jpg","width":768,"height":378,"mime_type":"image\/jpeg","source_url":"https:\/\/hermanasoblatas.org\/wp-content\/uploads\/2019\/05\/visita-santisimo-redentor-1-768x378.jpg"},"full":{"file":"visita-santisimo-redentor-1.jpg","width":845,"height":416,"mime_type":"image\/jpeg","source_url":"https:\/\/hermanasoblatas.org\/wp-content\/uploads\/2019\/05\/visita-santisimo-redentor-1.jpg"}},"image_meta":{"aperture":"0","credit":"","camera":"","caption":"","created_timestamp":"0","copyright":"","focal_length":"0","iso":"0","shutter_speed":"0","title":"","orientation":"1","keywords":[]}},"post":8085,"source_url":"https:\/\/hermanasoblatas.org\/wp-content\/uploads\/2019\/05\/visita-santisimo-redentor-1.jpg","_links":{"self":[{"href":"https:\/\/hermanasoblatas.org\/pt-pt\/wp-json\/wp\/v2\/media\/8088","targetHints":{"allow":["GET"]}}],"collection":[{"href":"https:\/\/hermanasoblatas.org\/pt-pt\/wp-json\/wp\/v2\/media"}],"about":[{"href":"https:\/\/hermanasoblatas.org\/pt-pt\/wp-json\/wp\/v2\/types\/attachment"}],"author":[{"embeddable":true,"href":"https:\/\/hermanasoblatas.org\/pt-pt\/wp-json\/wp\/v2\/users\/3"}],"replies":[{"embeddable":true,"href":"https:\/\/hermanasoblatas.org\/pt-pt\/wp-json\/wp\/v2\/comments?post=8088"}],"wp:attached-to":[{"embeddable":true,"post_type":"post","id":8085,"href":"https:\/\/hermanasoblatas.org\/pt-pt\/wp-json\/wp\/v2\/posts\/8085"}],"curies":[{"name":"wp","href":"https:\/\/api.w.org\/{rel}","templated":true}]}}

<!-- This site is optimized with the Yoast SEO plugin v27.3 - https://yoast.com/product/yoast-seo-wordpress/ -->
<title>visita santisimo redentor - Hermanas Oblatas</title>
<meta name="robots" content="index, follow, max-snippet:-1, max-image-preview:large, max-video-preview:-1" />
<link rel="canonical" href="https://hermanasoblatas.org/wp-content/uploads/2019/05/visita-santisimo-redentor-1.jpg" />
<meta property="og:locale" content="pt_PT" />
<meta property="og:type" content="article" />
<meta property="og:title" content="visita santisimo redentor - Hermanas Oblatas" />
<meta property="og:url" content="https://hermanasoblatas.org/wp-content/uploads/2019/05/visita-santisimo-redentor-1.jpg" />
<meta property="og:site_name" content="Hermanas Oblatas" />
<meta property="og:image" content="https://hermanasoblatas.org/wp-content/uploads/2019/05/visita-santisimo-redentor-1.jpg" />
	<meta property="og:image:width" content="845" />
	<meta property="og:image:height" content="416" />
	<meta property="og:image:type" content="image/jpeg" />
<meta name="twitter:card" content="summary_large_image" />
<script type="application/ld+json" class="yoast-schema-graph">{"@context":"https:\/\/schema.org","@graph":[{"@type":"WebPage","@id":"https:\/\/hermanasoblatas.org\/wp-content\/uploads\/2019\/05\/visita-santisimo-redentor-1.jpg","url":"https:\/\/hermanasoblatas.org\/wp-content\/uploads\/2019\/05\/visita-santisimo-redentor-1.jpg","name":"visita santisimo redentor - Hermanas Oblatas","isPartOf":{"@id":"https:\/\/hermanasoblatas.org\/#website"},"datePublished":"2019-05-21T09:19:36+00:00","breadcrumb":{"@id":"https:\/\/hermanasoblatas.org\/wp-content\/uploads\/2019\/05\/visita-santisimo-redentor-1.jpg#breadcrumb"},"inLanguage":"pt-PT","potentialAction":[{"@type":"ReadAction","target":["https:\/\/hermanasoblatas.org\/wp-content\/uploads\/2019\/05\/visita-santisimo-redentor-1.jpg"]}]},{"@type":"BreadcrumbList","@id":"https:\/\/hermanasoblatas.org\/wp-content\/uploads\/2019\/05\/visita-santisimo-redentor-1.jpg#breadcrumb","itemListElement":[{"@type":"ListItem","position":1,"name":"Home","item":"https:\/\/hermanasoblatas.org\/pt-pt"},{"@type":"ListItem","position":2,"name":"PROVÍNCIA SANTÍSSIMO REDENTOR REALIZA VISITA CANÔNICA","item":"https:\/\/hermanasoblatas.org\/pt-pt\/noticias-pt-pt\/provincia-santissimo-redentor-realiza-visita-canonica"},{"@type":"ListItem","position":3,"name":"visita santisimo redentor"}]},{"@type":"WebSite","@id":"https:\/\/hermanasoblatas.org\/#website","url":"https:\/\/hermanasoblatas.org\/","name":"Hermanas Oblatas","description":"Hermanas Oblatas del Santísimo Redentor","potentialAction":[{"@type":"SearchAction","target":{"@type":"EntryPoint","urlTemplate":"https:\/\/hermanasoblatas.org\/?s={search_term_string}"},"query-input":{"@type":"PropertyValueSpecification","valueRequired":true,"valueName":"search_term_string"}}],"inLanguage":"pt-PT"}]}</script>
<!-- / Yoast SEO plugin. -->

PROVÍNCIA SANTÍSSIMO REDENTOR REALIZA VISITA CANÔNICA

Hermanas Oblatas del Santísimo Redentor
